{"id":164,"date":"2022-07-14T11:30:16","date_gmt":"2022-07-14T09:30:16","guid":{"rendered":"https:\/\/krainaczterechkultur.pl\/?page_id=164"},"modified":"2022-12-15T09:32:00","modified_gmt":"2022-12-15T08:32:00","slug":"wsparcie-przygotowawcze","status":"publish","type":"page","link":"https:\/\/krainaczterechkultur.pl\/?page_id=164","title":{"rendered":"Wsparcie przygotowawcze"},"content":{"rendered":"\n<p class=\"has-text-align-center\"><\/p>\n\n\n\n<figure><img decoding=\"async\" src=\"https:\/\/krainaczterechkultur.pl\/wp-content\/uploads\/2022\/07\/logotypy-k-1024x289-1-1024x203.png\" alt=\"\" \/>\n<figcaption>&#8222;Europejski Fundusz Rolny na rzecz Rozwoju Obszar\u00f3w Wiejskich: Europa inwestuj\u0105ca w obszary wiejskie&#8221;<\/figcaption>\n<\/figure>\n\n\n\n<p>Stowarzyszenie Lokalna Grupa Dzia\u0142ania \u201eKraina Czterech Kultur\u201d wsp\u00f3\u0142finansowana jest ze \u015brodk\u00f3w Unii Europejskiej w ramach dzia\u0142ania 19 \u201eWsparcie dla rozwoju lokalnego w ramach inicjatywy LEADER\u201d dla poddzia\u0142ania 19.1 \u201eWsparcie Przygotowawcze\u201d<\/p>\n\n\n\n<p>Programu Rozwoju Obszar\u00f3w Wiejskich na lata 2014 \u2013 2020.<\/p>\n\n\n\n<p>Celem operacji jest wspieranie lokalnego rozwoju na obszarach wiejskich, a wska\u017anikiem osi\u0105gni\u0119cia celu operacji b\u0119dzie realizacja planu&nbsp; w\u0142\u0105czenia spo\u0142eczno\u015bci, w szczeg\u00f3lno\u015bci przygotowanie Lokalnej Strategii Rozwoju. Wysoko\u015b\u0107 wsparcia wynosi 74 000 z\u0142.<\/p>\n\n\n\n<div data-wp-interactive=\"\" class=\"wp-block-file\"><object data-wp-bind--hidden=\"!selectors.core.file.hasPdfPreview\" hidden class=\"wp-block-file__embed\" data=\"https:\/\/krainaczterechkultur.pl\/wp-content\/uploads\/2022\/08\/Plan-wlaczenia-spolecznosci-lokalnej-w-przygotowanie-LSR-wraz-z-harmonogramem-planowanych-spotkan.pdf\" type=\"application\/pdf\" style=\"width:100%;height:600px\" aria-label=\"Osadzone z Plan-wlaczenia-spolecznosci-lokalnej-w-przygotowanie-LSR-wraz-z-harmonogramem-planowanych-spotkan.\"><\/object><a id=\"wp-block-file--media-cb0c9097-c978-4e00-a398-006933787e7c\" href=\"https:\/\/krainaczterechkultur.pl\/wp-content\/uploads\/2022\/08\/Plan-wlaczenia-spolecznosci-lokalnej-w-przygotowanie-LSR-wraz-z-harmonogramem-planowanych-spotkan.pdf\">Plan-wlaczenia-spolecznosci-lokalnej-w-przygotowanie-LSR-wraz-z-harmonogramem-planowanych-spotkan<\/a><a href=\"https:\/\/krainaczterechkultur.pl\/wp-content\/uploads\/2022\/08\/Plan-wlaczenia-spolecznosci-lokalnej-w-przygotowanie-LSR-wraz-z-harmonogramem-planowanych-spotkan.pdf\" class=\"wp-block-file__button wp-element-button\" download aria-describedby=\"wp-block-file--media-cb0c9097-c978-4e00-a398-006933787e7c\">Pobierz<\/a><\/div>\n\n\n\n<div class=\"wp-block-file\"><a id=\"wp-block-file--media-1a86d2dd-9690-4797-afe9-b5a5d1553a4c\" href=\"https:\/\/krainaczterechkultur.pl\/wp-content\/uploads\/2022\/12\/Harmonogram-1-pdf-1024x724.jpg\">Zaktualizowany Harmonogram spotka\u0144<\/a><a href=\"https:\/\/krainaczterechkultur.pl\/wp-content\/uploads\/2022\/12\/Harmonogram-1-pdf-1024x724.jpg\" class=\"wp-block-file__button wp-element-button\" download aria-describedby=\"wp-block-file--media-1a86d2dd-9690-4797-afe9-b5a5d1553a4c\">Pobierz<\/a><\/div>\n","protected":false},"excerpt":{"rendered":"<p>Stowarzyszenie Lokalna Grupa Dzia\u0142ania \u201eKraina Czterech Kultur\u201d wsp\u00f3\u0142finansowana jest ze \u015brodk\u00f3w Unii Europejskiej w ramach dzia\u0142ania 19 \u201eWsparcie dla rozwoju lokalnego w ramach inicjatywy LEADER\u201d dla poddzia\u0142ania 19.1 \u201eWsparcie Przygotowawcze\u201d Programu Rozwoju Obszar\u00f3w Wiejskich na lata 2014 \u2013 2020. Celem operacji jest wspieranie lokalnego rozwoju [&hellip;]<\/p>\n","protected":false},"author":1,"featured_media":0,"parent":0,"menu_order":0,"comment_status":"closed","ping_status":"closed","template":"","meta":{"footnotes":""},"yoast_head":"<!-- This site is optimized with the Yoast SEO plugin v18.6 - https:\/\/yoast.com\/wordpress\/plugins\/seo\/ -->\n<title>Wsparcie przygotowawcze - Kraina Czterech Kultur<\/title>\n<meta name=\"robots\" content=\"index, follow, max-snippet:-1, max-image-preview:large, max-video-preview:-1\" \/>\n<link rel=\"canonical\" href=\"https:\/\/krainaczterechkultur.pl\/?page_id=164\" \/>\n<meta property=\"og:locale\" content=\"pl_PL\" \/>\n<meta property=\"og:type\" content=\"article\" \/>\n<meta property=\"og:title\" content=\"Wsparcie przygotowawcze - Kraina Czterech Kultur\" \/>\n<meta property=\"og:description\" content=\"Stowarzyszenie Lokalna Grupa Dzia\u0142ania \u201eKraina Czterech Kultur\u201d wsp\u00f3\u0142finansowana jest ze \u015brodk\u00f3w Unii Europejskiej w ramach dzia\u0142ania 19 \u201eWsparcie dla rozwoju lokalnego w ramach inicjatywy LEADER\u201d dla poddzia\u0142ania 19.1 \u201eWsparcie Przygotowawcze\u201d Programu Rozwoju Obszar\u00f3w Wiejskich na lata 2014 \u2013 2020. Celem operacji jest wspieranie lokalnego rozwoju [&hellip;]\" \/>\n<meta property=\"og:url\" content=\"https:\/\/krainaczterechkultur.pl\/?page_id=164\" \/>\n<meta property=\"og:site_name\" content=\"Kraina Czterech Kultur\" \/>\n<meta property=\"article:modified_time\" content=\"2022-12-15T08:32:00+00:00\" \/>\n<meta property=\"og:image\" content=\"https:\/\/krainaczterechkultur.pl\/wp-content\/uploads\/2022\/07\/logotypy-k-1024x289-1-1024x203.png\" \/>\n<meta name=\"twitter:card\" content=\"summary_large_image\" \/>\n<meta name=\"twitter:label1\" content=\"Szacowany czas czytania\" \/>\n\t<meta name=\"twitter:data1\" content=\"1 minuta\" \/>\n<script type=\"application\/ld+json\" class=\"yoast-schema-graph\">{\"@context\":\"https:\/\/schema.org\",\"@graph\":[{\"@type\":\"WebSite\",\"@id\":\"https:\/\/krainaczterechkultur.pl\/#website\",\"url\":\"https:\/\/krainaczterechkultur.pl\/\",\"name\":\"Kraina Czterech Kultur\",\"description\":\"\",\"potentialAction\":[{\"@type\":\"SearchAction\",\"target\":{\"@type\":\"EntryPoint\",\"urlTemplate\":\"https:\/\/krainaczterechkultur.pl\/?s={search_term_string}\"},\"query-input\":\"required name=search_term_string\"}],\"inLanguage\":\"pl-PL\"},{\"@type\":\"ImageObject\",\"@id\":\"https:\/\/krainaczterechkultur.pl\/?page_id=164#primaryimage\",\"inLanguage\":\"pl-PL\",\"url\":\"https:\/\/krainaczterechkultur.pl\/wp-content\/uploads\/2022\/07\/logotypy-k-1024x289-1.png\",\"contentUrl\":\"https:\/\/krainaczterechkultur.pl\/wp-content\/uploads\/2022\/07\/logotypy-k-1024x289-1.png\",\"width\":1311,\"height\":260},{\"@type\":\"WebPage\",\"@id\":\"https:\/\/krainaczterechkultur.pl\/?page_id=164#webpage\",\"url\":\"https:\/\/krainaczterechkultur.pl\/?page_id=164\",\"name\":\"Wsparcie przygotowawcze - Kraina Czterech Kultur\",\"isPartOf\":{\"@id\":\"https:\/\/krainaczterechkultur.pl\/#website\"},\"primaryImageOfPage\":{\"@id\":\"https:\/\/krainaczterechkultur.pl\/?page_id=164#primaryimage\"},\"datePublished\":\"2022-07-14T09:30:16+00:00\",\"dateModified\":\"2022-12-15T08:32:00+00:00\",\"breadcrumb\":{\"@id\":\"https:\/\/krainaczterechkultur.pl\/?page_id=164#breadcrumb\"},\"inLanguage\":\"pl-PL\",\"potentialAction\":[{\"@type\":\"ReadAction\",\"target\":[\"https:\/\/krainaczterechkultur.pl\/?page_id=164\"]}]},{\"@type\":\"BreadcrumbList\",\"@id\":\"https:\/\/krainaczterechkultur.pl\/?page_id=164#breadcrumb\",\"itemListElement\":[{\"@type\":\"ListItem\",\"position\":1,\"name\":\"Home\",\"item\":\"https:\/\/krainaczterechkultur.pl\/\"},{\"@type\":\"ListItem\",\"position\":2,\"name\":\"Wsparcie przygotowawcze\"}]}]}<\/script>\n<!-- \/ Yoast SEO plugin. -->","yoast_head_json":{"title":"Wsparcie przygotowawcze - Kraina Czterech Kultur","robots":{"index":"index","follow":"follow","max-snippet":"max-snippet:-1","max-image-preview":"max-image-preview:large","max-video-preview":"max-video-preview:-1"},"canonical":"https:\/\/krainaczterechkultur.pl\/?page_id=164","og_locale":"pl_PL","og_type":"article","og_title":"Wsparcie przygotowawcze - Kraina Czterech Kultur","og_description":"Stowarzyszenie Lokalna Grupa Dzia\u0142ania \u201eKraina Czterech Kultur\u201d wsp\u00f3\u0142finansowana jest ze \u015brodk\u00f3w Unii Europejskiej w ramach dzia\u0142ania 19 \u201eWsparcie dla rozwoju lokalnego w ramach inicjatywy LEADER\u201d dla poddzia\u0142ania 19.1 \u201eWsparcie Przygotowawcze\u201d Programu Rozwoju Obszar\u00f3w Wiejskich na lata 2014 \u2013 2020. Celem operacji jest wspieranie lokalnego rozwoju [&hellip;]","og_url":"https:\/\/krainaczterechkultur.pl\/?page_id=164","og_site_name":"Kraina Czterech Kultur","article_modified_time":"2022-12-15T08:32:00+00:00","og_image":[{"url":"https:\/\/krainaczterechkultur.pl\/wp-content\/uploads\/2022\/07\/logotypy-k-1024x289-1-1024x203.png"}],"twitter_card":"summary_large_image","twitter_misc":{"Szacowany czas czytania":"1 minuta"},"schema":{"@context":"https:\/\/schema.org","@graph":[{"@type":"WebSite","@id":"https:\/\/krainaczterechkultur.pl\/#website","url":"https:\/\/krainaczterechkultur.pl\/","name":"Kraina Czterech Kultur","description":"","potentialAction":[{"@type":"SearchAction","target":{"@type":"EntryPoint","urlTemplate":"https:\/\/krainaczterechkultur.pl\/?s={search_term_string}"},"query-input":"required name=search_term_string"}],"inLanguage":"pl-PL"},{"@type":"ImageObject","@id":"https:\/\/krainaczterechkultur.pl\/?page_id=164#primaryimage","inLanguage":"pl-PL","url":"https:\/\/krainaczterechkultur.pl\/wp-content\/uploads\/2022\/07\/logotypy-k-1024x289-1.png","contentUrl":"https:\/\/krainaczterechkultur.pl\/wp-content\/uploads\/2022\/07\/logotypy-k-1024x289-1.png","width":1311,"height":260},{"@type":"WebPage","@id":"https:\/\/krainaczterechkultur.pl\/?page_id=164#webpage","url":"https:\/\/krainaczterechkultur.pl\/?page_id=164","name":"Wsparcie przygotowawcze - Kraina Czterech Kultur","isPartOf":{"@id":"https:\/\/krainaczterechkultur.pl\/#website"},"primaryImageOfPage":{"@id":"https:\/\/krainaczterechkultur.pl\/?page_id=164#primaryimage"},"datePublished":"2022-07-14T09:30:16+00:00","dateModified":"2022-12-15T08:32:00+00:00","breadcrumb":{"@id":"https:\/\/krainaczterechkultur.pl\/?page_id=164#breadcrumb"},"inLanguage":"pl-PL","potentialAction":[{"@type":"ReadAction","target":["https:\/\/krainaczterechkultur.pl\/?page_id=164"]}]},{"@type":"BreadcrumbList","@id":"https:\/\/krainaczterechkultur.pl\/?page_id=164#breadcrumb","itemListElement":[{"@type":"ListItem","position":1,"name":"Home","item":"https:\/\/krainaczterechkultur.pl\/"},{"@type":"ListItem","position":2,"name":"Wsparcie przygotowawcze"}]}]}},"_links":{"self":[{"href":"https:\/\/krainaczterechkultur.pl\/index.php?rest_route=\/wp\/v2\/pages\/164"}],"collection":[{"href":"https:\/\/krainaczterechkultur.pl\/index.php?rest_route=\/wp\/v2\/pages"}],"about":[{"href":"https:\/\/krainaczterechkultur.pl\/index.php?rest_route=\/wp\/v2\/types\/page"}],"author":[{"embeddable":true,"href":"https:\/\/krainaczterechkultur.pl\/index.php?rest_route=\/wp\/v2\/users\/1"}],"replies":[{"embeddable":true,"href":"https:\/\/krainaczterechkultur.pl\/index.php?rest_route=%2Fwp%2Fv2%2Fcomments&post=164"}],"version-history":[{"count":14,"href":"https:\/\/krainaczterechkultur.pl\/index.php?rest_route=\/wp\/v2\/pages\/164\/revisions"}],"predecessor-version":[{"id":758,"href":"https:\/\/krainaczterechkultur.pl\/index.php?rest_route=\/wp\/v2\/pages\/164\/revisions\/758"}],"wp:attachment":[{"href":"https:\/\/krainaczterechkultur.pl\/index.php?rest_route=%2Fwp%2Fv2%2Fmedia&parent=164"}],"curies":[{"name":"wp","href":"https:\/\/api.w.org\/{rel}","templated":true}]}}